sor of 308 and 168?
28
What is the greatest common factor of 12810 and 30?
30
What is the greatest common factor of 4975 and 25?
25
Calculate the greatest common divisor of 20 and 700.
20
What is the highest common divisor of 176 and 792?
88
What is the highest common divisor of 46123 and 22?
11
What is the highest common divisor of 1764 and 36?
36
Calculate the highest common divisor of 675 and 135.
135
What is the greatest common divisor of 2250 and 810?
90
Calculate the greatest common divisor of 16 and 48.
16
What is the greatest common factor of 48 and 519?
3
Calculate the highest common divisor of 13 and 689.
13
Calculate the highest common divisor of 297 and 44.
11
What is the greatest common divisor of 100 and 450?
50
Calculate the greatest common factor of 8 and 2504.
8
Calculate the greatest common divisor of 80 and 9040.
80
Calculate the highest common divisor of 75 and 150.
75
Calculate the greatest common divisor of 38 and 114.
38
What is the highest common factor of 33 and 21?
3
What is the greatest common factor of 18 and 2250?
18
Calculate the greatest common divisor of 85 and 2567.
17
What is the highest common factor of 231 and 189?
21
What is the greatest common divisor of 7093 and 82?
41
Calculate the highest common factor of 624 and 78.
78
What is the highest common divisor of 219 and 3139?
73
What is the greatest common factor of 202 and 12?
2
Calculate the greatest common factor of 6090 and 30.
30
Calculate the highest common divisor of 464 and 145.
29
What is the highest common factor of 1308 and 204?
12
Calculate the highest common divisor of 8575 and 147.
49
What is the greatest common divisor of 774 and 430?
86
Calculate the greatest common divisor of 51 and 663.
51
What is the greatest common factor of 36 and 252?
36
Calculate the highest common factor of 1248 and 96.
96
What is the highest common divisor of 114 and 2793?
57
What is the greatest common divisor of 700 and 28?
28
What is the greatest common divisor of 3 and 1191?
3
What is the greatest common divisor of 512 and 72?
8
What is the greatest common divisor of 364 and 56?
28
Calculate the highest common factor of 42592 and 352.
352
Calculate the highest common divisor of 14 and 162148.
14
Calculate the highest common factor of 2470 and 416.
26
What is the greatest common divisor of 44840 and 40?
40
What is the highest common factor of 162 and 14?
2
Calculate the highest common factor of 40 and 405.
5
Calculate the greatest common factor of 2466 and 72.
18
What is the highest common divisor of 38 and 304?
38
What is the greatest common factor of 39 and 975?
39
What is the highest common divisor of 68 and 476?
68
What is the highest common divisor of 26 and 169?
13
What is the highest common divisor of 36 and 1503?
9
What is the highest common factor of 13 and 65?
13
Calculate the highest common divisor of 255 and 3995.
85
What is the greatest common factor of 54 and 891?
27
What is the highest common divisor of 43 and 25757?
43
Calculate the greatest common divisor of 30 and 2790.
30
What is the highest common factor of 5 and 20?
5
What is the greatest common divisor of 29 and 12325?
29
Calculate the highest common divisor of 70 and 112.
14
Calculate the highest common factor of 95 and 76.
19
Calculate the greatest common divisor of 176 and 304.
16
What is the highest common divisor of 391 and 575?
23
What is the highest common divisor of 108 and 168?
12
Calculate the greatest common factor of 18 and 38.
2
What is the greatest common factor of 330 and 21615?
165
Calculate the greatest common factor of 3771 and 36.
9
Calculate the highest common divisor of 575 and 46.
23
Calculate the highest common factor of 2376 and 88.
88
What is the greatest common factor of 2382 and 3?
3
Calculate the greatest common divisor of 51 and 252.
3
Calculate the highest common divisor of 142 and 79094.
142
Calculate the greatest common factor of 30 and 252.
6
Calculate the greatest common divisor of 1392 and 261.
87
What is the greatest common divisor of 6993 and 189?
189
Calculate the highest common divisor of 119 and 68.
17
Calculate the greatest common divisor of 984 and 15416.
328
Calculate the greatest common divisor of 28 and 812.
28
What is the greatest common factor of 162 and 5292?
54
What is the highest common divisor of 56 and 49?
7
Calculate the greatest common divisor of 8 and 706.
2
Calculate the greatest common factor of 253 and 23.
23
What is the highest common factor of 212 and 16748?
212
What is the highest common divisor of 2071 and 19?
19
What is the greatest common factor of 2128 and 1008?
112
What is the highest common factor of 42 and 196?
14
What is the highest common divisor of 128 and 368?
16
Calculate the greatest common divisor of 1060 and 20.
20
What is the greatest common divisor of 183 and 1403?
61
Calculate the highest common divisor of 3 and 32.
1
What is the highest common factor of 5668 and 981?
109
What is the highest common divisor of 26 and 507?
13
What is the highest common divisor of 546 and 52?
26
Calculate the greatest common divisor of 140 and 2590.
70
Calculate the greatest common divisor of 119 and 17.
17
Calculate the highest common factor of 20 and 505.
5
What is the greatest common factor of 153 and 63?
9
What is the highest common divisor of 20 and 140?
20
What is the greatest common factor of 6683 and 41?
41
What is the greatest common divisor of 429 and 3135?
33
What is the greatest common divisor of 68 and 68?
68
Calculate the greatest common divisor of 1072 and 32.
16
Calculate the highest common divisor of 244 and 28.
4
What is the greatest common divisor of 17 and 2533?
17
Calculate the highest common divisor of 336 and 12656.
112
Calculate the greatest common factor of 496 and 31.
31
Calculate the greatest common factor of 4389 and 5313.
231
Calculate the highest common factor of 440 and 275.
55
What is the highest common divisor of 3 and 69?
3
What is the highest common factor of 15 and 365?
5
Calculate the greatest common divisor of 33 and 825.
33
What is the greatest common divisor of 418 and 88?
22
What is the greatest common factor of 162 and 198?
18
Calculate the highest common factor of 759 and 132.
33
What is the greatest common divisor of 2626 and 26?
26
What is the greatest common factor of 172 and 5418?
86
Calculate the greatest common factor of 20 and 170.
10
Calculate the highest common factor of 36 and 972.
36
Calculate the highest common factor of 30 and 6420.
30
Calculate the greatest common divisor of 71082 and 198.
198
Calculate the highest common factor of 1275 and 15.
15
Calculate the greatest common factor of 35 and 70.
35
What is the highest common factor of 2088 and 256?
8
Calculate the highest common factor of 14 and 4158.
14
What is the highest common factor of 168 and 1484?
28
Calculate the greatest common divisor of 20 and 16.
4
Calculate the highest common factor of 744 and 48.
24
Calculate the highest common divisor of 59 and 413.
59
Calculate the greatest common factor of 3 and 514.
1
What is the highest common factor of 534 and 30?
6
What is the highest common divisor of 3567 and 261?
87
Calculate the highest common divisor of 35986 and 38.
38
Calculate the greatest common divisor of 14 and 574.
14
What is the highest common factor of 119 and 476?
119
What is the greatest common factor of 27 and 81?
27
Calculate the highest common divisor of 18 and 24.
6
Calculate the greatest common divisor of 94 and 752.
94
Calculate the greatest common divisor of 12 and 1602.
6
Calculate the highest common divisor of 8856 and 162.
54
Calculate the highest common factor of 26353 and 73.
73
Calculate the highest common factor of 3 and 183.
3
What is the highest common factor of 112 and 12488?
56
What is the highest common divisor of 39 and 52?
13
What is the greatest common factor of 147 and 315?
21
What is the greatest common factor of 104 and 2028?
52
What is the greatest common divisor of 9 and 1386?
9
Calculate the greatest common factor of 574 and 14.
14
Calculate the highest common factor of 22 and 803.
11
What is the highest common factor of 77 and 44?
11
Calculate the highest common divisor of 18 and 48582.
18
Calculate the greatest common factor of 16 and 2192.
16
What is the greatest common f